- 17. Give a(2).
-3
Let m(f) = f**2 - 13*f - 12. Determine m(10).
-42
Let u(b) = b**3 + b**2 - b - 24. Give u(0).
-24
Let o(l) = l**3 + 9*l**2 + 5*l + 9. Calculate o(-8).
33
Let v(k) = -k**3 + k**2 + 21*k - 21. Calculate v(1).
0
Let t(f) = -23*f - 208. Calculate t(-9).
-1
Let p(g) = -g**3 - 5*g**2 - g - 18. Determine p(-5).
-13
Let b(r) = -27*r + 196. Give b(7).
7
Let g(v) = v**3 - 16*v**2 + 15*v + 2. Calculate g(15).
2
Let q(f) = -f**2 + 3*f + 37. Determine q(-6).
-17
Let q(t) = 3*t + 1. Calculate q(-2).
-5
Let b(x) = -5*x + 24. What is b(6)?
-6
Let j(k) = -k**3 + 4*k**2 - k + 1. Determine j(5).
-29
Let o(s) = -s**2 - 45*s + 239. Determine o(5).
-11
Let u(p) = 65*p + 10. Give u(-3).
-185
Let u(h) = -2*h**2 + 44*h - 78. Determine u(20).
2
Let g(b) = -2*b**3 - 5*b**2 + 6*b - 5. Give g(2).
-29
Let j(z) = -2*z**2 + 23*z - 5. Calculate j(11).
6
Let b(q) = q**2 - 14*q + 28. Determine b(13).
15
Let v(j) = 173*j**3 + j**2. Calculate v(-1).
-172
Let w(m) = -m + 8. Give w(-7).
15
Let c(m) = -3*m**2 - 13*m - 6. Give c(-4).
-2
Let u(r) = -5*r + 12. Determine u(2).
2
Let l(f) = 2*f + 11. What is l(-8)?
-5
Let l(h) = h**3 - 10*h**2 - 2*h + 33. Give l(10).
13
Let s(u) = -u**3 - 8*u**2 - 5*u + 10. Give s(-7).
-4
Let g(a) = a**3 - 16*a**2 + 17*a + 2. Calculate g(15).
32
Let z(d) = 10*d - 2. Give z(-1).
-12
Let u(l) = -70*l + 224. What is u(3)?
14
Let y(i) = -i**2 - 5*i + 15. What is y(-7)?
1
Let a(t) = -21*t - 121. Determine a(-6).
5
Let j(f) = -4*f**2 - 39*f + 16. Give j(-10).
6
Let h(y) = -y**3 - 27*y**2 + 2*y + 46. Calculate h(-27).
-8
Let t(l) = -250*l - 1752. Calculate t(-7).
-2
Let f(j) = j**3 - 3*j**2 - 74*j - 6. Give f(10).
-46
Let r(o) = -o + 18. Determine r(7).
11
Let o(z) = -z**2 - 19*z + 19. Calculate o(-23).
-73
Let a(g) = -g**2 + 7. Calculate a(3).
-2
Let i(h) = 15*h**3 + 3*h - 3. What is i(1)?
15
Let f(u) = u**2 - 24*u + 101. Give f(19).
6
Let z(n) = n**3 - n - 64. Calculate z(0).
-64
Let b(k) = k**2 - 12*k - 11. Determine b(12).
-11
Let i(f) = -f**2 - 10*f - 5. Give i(-11).
-16
Let q(g) = -g**3 + 7*g**2 - 7*g - 7. What is q(5)?
8
Let k(p) = -p**3 + 2*p**2 + 7*p - 9. What is k(4)?
-13
Let h(a) = -2*a**2 - 13*a + 3. Calculate h(-7).
-4
Let c(f) = f**3 + 2*f**2 - f + 2. What is c(-3)?
-4
Let d(a) = -5*a - 20. Calculate d(-8).
20
Let d(z) = -33*z + 1. Give d(0).
1
Let l(i) = -2*i + 19. Determine l(0).
19
Let t(h) = h**2 - 15*h. Calculate t(15).
0
Let q(c) = 11*c - 12. Calculate q(6).
54
Let c(w) = -w**2 + 9*w - 5. What is c(6)?
13
Let l(u) = -2*u**2 + 26*u + 7. Give l(13).
7
Let d(j) = -2*j**2 - 8*j - 9. What is d(-5)?
-19
Let h(j) = j + 29. Calculate h(21).
50
Let m(j) = 5*j + 269. What is m(-53)?
4
Let z(v) = v**2 - 7*v + 4. Give z(7).
4
Let g(p) = -p**3 + 2*p + 3. Give g(-2).
7
Let u(j) = -j**2 + 15*j - 30. Determine u(13).
-4
Let q(y) = 6*y**3 + y**2. Determine q(-2).
-44
Let s(j) = -4*j**3 + j**2 - 4*j + 3. Determine s(1).
-4
Let w(m) = -2*m**3 - 6*m**2 - 3*m + 4. Determine w(-3).
13
Let l(i) = i**3 + i**2 + 3*i + 2. Give l(-2).
-8
Let a(i) = -i**2 - 5*i - 11. Calculate a(-12).
-95
Let m(w) = 2*w**2 - 13*w + 9. Determine m(8).
33
Let z(w) = w**2 + 12*w + 8. What is z(-12)?
8
Let x(n) = 3*n**2 - 125*n + 87. Calculate x(41).
5
Let n(s) = 20*s - 11. What is n(3)?
49
Let o(i) = -i**2 + 9*i + 18. What is o(11)?
-4
Let d(a) = a**3 + 22*a**2 - 25*a - 26. Determine d(-23).
20
Let v(s) = -s**3 - 12*s**2 + 17*s + 53. What is v(-13)?
1
Let c(k) = -4*k**2 + 7*k + 10. Give c(3).
-5
Let l(c) = 4*c**3 - 3*c**2 + 2*c + 1. What is l(2)?
25
Let a(j) = 7*j**2 - 11*j + 13. Give a(1).
9
Let r(y) = -y - 8. Calculate r(-5).
-3
Let i(w) = w**3 - 26*w**2 + w - 8. Give i(26).
18
Let k(q) = -5*q + 66. Calculate k(14).
-4
Let i(m) = -4*m + 1. Give i(4).
-15
Let g(x) = -7*x**3 + 2*x - 1. Determine g(1).
-6
Let m(h) = -7*h**2 - 7*h + 3. Calculate m(-2).
-11
Let i(a) = -4*a**2 + 43*a + 319. What is i(-5)?
4
Let z(p) = -3*p**2 + 3*p + 2. What is z(-1)?
-4
Let b(k) = -2*k**3 - k**2 - k - 1. Determine b(2).
-23
Let u(f) = -5*f - 7. Calculate u(6).
-37
Let d(g) = g**2 + 8*g - 7. Give d(-8).
-7
Let o(x) = -x**2 - 43*x - 47. Calculate o(-42).
-5
Let z(q) = -21*q**2 + 3*q - 2. Give z(1).
-20
Let b(v) = -v**2 + 6*v + 7. Determine b(7).
0
Let b(r) = 7*r + 1. Give b(-1).
-6
Let z(u) = u**2 - 16*u + 33. Give z(13).
-6
Let c(g) = -g**3 - g**2 + 2*g + 13. Determine c(0).
13
Let j(z) = -5*z - 13. Calculate j(6).
-43
Let o(q) = -q**3 + 9*q**2 - 7*q - 21. Give o(8).
-13
Let z(g) = -13*g**3 - 2*g**2 - 2*g. What is z(-1)?
13
Let t(b) = -b**2 - 30*b - 191. What is t(-21)?
-2
Let o(t) = 2*t**2 - 2*t + 2. Determine o(2).
6
Let d(u) = -15*u**2 - 13*u - 5. Calculate d(-2).
-39
Let n(r) = 2*r + 8. Determine n(-10).
-12
Let a(u) = -40*u - 252. Give a(-6).
-12
Let n(m) = 2*m**2 - 5. Give n(4).
27
Let b(j) = j**2 - 11*j + 25. Give b(5).
-5
Let l(x) = x**3 + 25*x**2 + x + 18. Determine l(-25).
-7
Let f(i) = i + 33. Calculate f(-14).
19
Let j(i) = i + 12. Calculate j(-20).
-8
Let n(w) = -w**3 - 7*w**2 - 4*w - 25. Give n(-7).
3
Let n(b) = -b**3 + 6*b**2 + 19*b + 3. What is n(-3)?
27
Let y(i) = i**3 + 2*i**2 - 10. Give y(-3).
-19
Let w(u) = -5*u - 10. Give w(-3).
5
Let s(t) = 7*t - 98. Give s(15).
7
Let n(j) = -11*j - 175. Calculate n(-16).
1
Let y(k) = k**2 - 4*k. Give y(6).
12
Let h(s) = 72*s**2. Determine h(1).
72
Let h(m) = -3*m + 2. Determine h(-16).
50
Let j(n) = n**3 - 12*n**2 - n + 14. Calculate j(12).
2
Let g(r) = 2*r**3 + 17*r**2 + 6*r + 7. Give g(-8).
23
Let p(r) = -r**3 + 8*r**2 - 6*r + 6. Give p(7).
13
Let i(j) = 2*j + 9. Determine i(10).
29
Let h(a) = -10*a + 13. Determine h(-3).
43
Let w(k) = -11*k - 15. Give w(-3).
18
Let j(l) = -l**2 + 8*l - 11. Calculate j(6).
1
Let z(p) = 3*p - 9. Determine z(-4).
-21
Let q(m) = -2*m**3 + 3*m**2 + 12*m + 11. Give q(-2).
15
Let z(t) = -t**3 - 11*t**2 - 20*t + 10. What is z(-9)?
28
Let w(c) = 11*c - 3. Give w(-2).
-25
Let p(h) = -26*h. Give p(2).
-52
Let n(y) = 16*y - 411. Calculate n(25).
-11
Let b(q) = q**2 + 10*q + 3. What is b(-9)?
-6
Let l(t) = t**2 - 15*t + 55. What is l(6)?
1
Let u(h) = -h**2 - 8*h + 4. Give u(-8).
4
Let d(k) = -2*k**3 + 17*k**2 + 8*k + 10. Calculate d(9).
1
Let t(q) = q**2 - 3*q - 7. What is t(5)?
3
Let l(k) = -k**3 + 3*k**2 + 2*k + 9. Give l(4).
1
Let p(z) = 17*z + 130. What is p(-9)?
-23
Let v(i) = 6*i + 44. Calculate v(-5).
14
Let l(t) = 4*t**3 - 24*t**2 + 9*t - 15. What is l(6)?
39
Let y(j) = j**3 + 34*j**2 - 67*j + 186. Give y(-36).
6
Let u(p) = 2*p**3 - 115*p**2 - 60*p + 87. Determine u(58).
-29
Let z(n) = -n**2 + 6*n + 98. Calculate z(0).
98
Let g(f) = -90*f - 446. Calculate g(-5).
4
Let p(n) = -n**2 + 18*n - 67. What is p(9)?
14
Let w(b) = b**3 - 3*b**2 - 3*b. What is w(4)?
4
Let d(i) = 10*i**2 + 9*i + 2. Give d(-4).
126
Let p(m) = 23*m. Calculate p(1).
23
Let b(j) = 48*j**2 + 4*j - 3. Calculate b(1).
49
Let f(o) = -o**3 + 4. Give f(3).
-23
Let q(m) = -2*m**3 - 2*m**2 + 4*m + 4. Give q(-4).
84
Let a(v) = -8*v + 59. Determine a(7).
3
Let b(v) = -v**3 + 6*v**2 - v + 13. Calculate b(6).
7
Let f(z) = 14*z**3 + 2*z - 1. What is f(-2)?
-117
Let d(k) = k**3 - 10*k**2 + 22*k - 12. What is d(7)?
-5
Let m(b) = -14*b + 98. Give m(7).
0
Let j(b) = b**2 - 20*b - 22. Give j(19).
-41
Let s(w) = -w - 13. What is s(-12)?
-1
Let d(q) = 3*q + 49. What is d(-16)?
1
Let q(b) = b**3 - 6*b**2 + 5*b + 1. Give q(2).
-5
Let o(q) = q**3 + 6*q**2 + 7*q - 2. Give o(-6).
-44
Let x(g) = g + 7. What is x(0)?
7
Let b(z) = -z**2 + 11. Calculate b(0).
11
Let l(p) = p**2 - 8*p - 28. Calculate l(-3).
5
Let r(h) = -h**2 - 3*h + 53. Give r(-9).
-1
Let j(a) = a**3 + 11*a**2 - 11*a - 10. Give j(-12).
-22
Let j(l) = 2*l**2 + 2*l + 5. Give j(-3).
17
Let x(z) = -15*z - 393. Give x(-27).
12
Let s(v) = -v**3 - v + 27. Calculate s(0).
27
Let f(s) = 2*s**2 + 16*s - 19. Calculate f(-8).
-19
Let f(i) = i**2 - 6*i + 4. Determine f(6).
4
Let t(p) = 7*p - 4. Give t(0).
-4
Let v(s) = -2*s**3 - 20*s**2 + 12. Give v(-10).
12
Let n(u) = u**3 + 9*u**2 - 10*u + 13. What is n(-10)?
13
Let t(d) = -d**3 + 4*d**2 + 3*d + 9. Calculate t(5).
-1
Let t(b) = b**3 - b**2 - b + 65. Calculate t(0).
65
Let d(l) = l**2 + 12*l. Calculate d(-12).
0
Let b(z) = 7*z**3 - 9*z + 7. Calculate b(1).
5
Let r(g) = 3*g**2 + 111*g - 29. Give r(-37).
-29
Let m(d) = d**2 + 18*d + 18. What is m(-18)?
18